[INFO] cloning repository https://github.com/justin-uy/rock_paper_scissors
[INFO] running `Command { std: "git" "-c" "credential.helper=" "-c" "credential.helper=/workspace/cargo-home/bin/git-credential-null" "clone" "--bare" "https://github.com/justin-uy/rock_paper_scissors" "/workspace/cache/git-repos/https%3A%2F%2Fgithub.com%2Fjustin-uy%2Frock_paper_scissors", kill_on_drop: false }`
[INFO] [stderr] Cloning into bare repository '/workspace/cache/git-repos/https%3A%2F%2Fgithub.com%2Fjustin-uy%2Frock_paper_scissors'...
[INFO] running `Command { std: "git" "rev-parse" "HEAD", kill_on_drop: false }`
[INFO] [stdout] f352eae9139a1dcc8fbb65297f9688ebca983518
[INFO] checking justin-uy/rock_paper_scissors against try#72f88fc4e9458f89516a0b8b0868f3718aec5b47 for pr-74989
[INFO] running `Command { std: "git" "clone" "/workspace/cache/git-repos/https%3A%2F%2Fgithub.com%2Fjustin-uy%2Frock_paper_scissors" "/workspace/builds/worker-6/source", kill_on_drop: false }`
[INFO] [stderr] Cloning into '/workspace/builds/worker-6/source'...
[INFO] [stderr] done.
[INFO] validating manifest of git repo https://github.com/justin-uy/rock_paper_scissors on toolchain 72f88fc4e9458f89516a0b8b0868f3718aec5b47
[INFO] running `Command { std: "/workspace/cargo-home/bin/cargo" "+72f88fc4e9458f89516a0b8b0868f3718aec5b47" "read-manifest" "--manifest-path" "Cargo.toml", kill_on_drop: false }`
[INFO] started tweaking git repo https://github.com/justin-uy/rock_paper_scissors
[INFO] finished tweaking git repo https://github.com/justin-uy/rock_paper_scissors
[INFO] tweaked toml for git repo https://github.com/justin-uy/rock_paper_scissors written to /workspace/builds/worker-6/source/Cargo.toml
[INFO] crate git repo https://github.com/justin-uy/rock_paper_scissors already has a lockfile, it will not be regenerated
[INFO] running `Command { std: "/workspace/cargo-home/bin/cargo" "+72f88fc4e9458f89516a0b8b0868f3718aec5b47" "fetch" "--locked" "--manifest-path" "Cargo.toml", kill_on_drop: false }`
[INFO] [stderr]  Downloading crates ...
[INFO] [stderr]   Downloaded magenta-sys v0.1.1
[INFO] [stderr]   Downloaded libc v0.2.29
[INFO] [stderr]   Downloaded custom_derive v0.1.7
[INFO] [stderr]   Downloaded rand v0.3.16
[INFO] [stderr]   Downloaded conv v0.3.3
[INFO] [stderr]   Downloaded magenta v0.1.1
[INFO] [stderr]   Downloaded thread_local v0.3.4
[INFO] running `Command { std: "docker" "create" "-v" "/var/lib/crater-agent-workspace/builds/worker-6/target:/opt/rustwide/target:rw,Z" "-v" "/var/lib/crater-agent-workspace/builds/worker-6/source:/opt/rustwide/workdir:ro,Z" "-v" "/var/lib/crater-agent-workspace/cargo-home:/opt/rustwide/cargo-home:ro,Z" "-v" "/var/lib/crater-agent-workspace/rustup-home:/opt/rustwide/rustup-home:ro,Z" "-e" "SOURCE_DIR=/opt/rustwide/workdir" "-e" "CARGO_TARGET_DIR=/opt/rustwide/target" "-e" "CARGO_HOME=/opt/rustwide/cargo-home" "-e" "RUSTUP_HOME=/opt/rustwide/rustup-home" "-w" "/opt/rustwide/workdir" "-m" "1610612736" "--user" "0:0" "--network" "none" "rustops/crates-build-env@sha256:d92eaeed33fa75130ca1ee6c8a01d1ffb62bac859dfdfb3450e3e5d1c0146529" "/opt/rustwide/cargo-home/bin/cargo" "+72f88fc4e9458f89516a0b8b0868f3718aec5b47" "metadata" "--no-deps" "--format-version=1", kill_on_drop: false }`
[INFO] [stderr] WARNING: Your kernel does not support swap limit capabilities or the cgroup is not mounted. Memory limited without swap.
[INFO] [stdout] 19c2d6607bf13dd2ea49a3b38454636d0ae11426603a915a4e8d310378d64c83
[INFO] running `Command { std: "docker" "start" "-a" "19c2d6607bf13dd2ea49a3b38454636d0ae11426603a915a4e8d310378d64c83", kill_on_drop: false }`
[INFO] running `Command { std: "docker" "inspect" "19c2d6607bf13dd2ea49a3b38454636d0ae11426603a915a4e8d310378d64c83", kill_on_drop: false }`
[INFO] running `Command { std: "docker" "rm" "-f" "19c2d6607bf13dd2ea49a3b38454636d0ae11426603a915a4e8d310378d64c83", kill_on_drop: false }`
[INFO] [stdout] 19c2d6607bf13dd2ea49a3b38454636d0ae11426603a915a4e8d310378d64c83
[INFO] running `Command { std: "docker" "create" "-v" "/var/lib/crater-agent-workspace/builds/worker-6/target:/opt/rustwide/target:rw,Z" "-v" "/var/lib/crater-agent-workspace/builds/worker-6/source:/opt/rustwide/workdir:ro,Z" "-v" "/var/lib/crater-agent-workspace/cargo-home:/opt/rustwide/cargo-home:ro,Z" "-v" "/var/lib/crater-agent-workspace/rustup-home:/opt/rustwide/rustup-home:ro,Z" "-e" "SOURCE_DIR=/opt/rustwide/workdir" "-e" "CARGO_TARGET_DIR=/opt/rustwide/target" "-e" "CARGO_INCREMENTAL=0" "-e" "RUST_BACKTRACE=full" "-e" "RUSTFLAGS=--cap-lints=forbid" "-e" "CARGO_HOME=/opt/rustwide/cargo-home" "-e" "RUSTUP_HOME=/opt/rustwide/rustup-home" "-w" "/opt/rustwide/workdir" "-m" "1610612736" "--user" "0:0" "--network" "none" "rustops/crates-build-env@sha256:d92eaeed33fa75130ca1ee6c8a01d1ffb62bac859dfdfb3450e3e5d1c0146529" "/opt/rustwide/cargo-home/bin/cargo" "+72f88fc4e9458f89516a0b8b0868f3718aec5b47" "check" "--frozen" "--all" "--all-targets" "--message-format=json", kill_on_drop: false }`
[INFO] [stdout] 3ca1b0728ca04285ec2d4e3968fa0944893e54d48162f094f035f4dff07d82dd
[INFO] [stderr] WARNING: Your kernel does not support swap limit capabilities or the cgroup is not mounted. Memory limited without swap.
[INFO] running `Command { std: "docker" "start" "-a" "3ca1b0728ca04285ec2d4e3968fa0944893e54d48162f094f035f4dff07d82dd", kill_on_drop: false }`
[INFO] [stderr]     Checking void v1.0.2
[INFO] [stderr]     Checking utf8-ranges v1.0.0
[INFO] [stderr]     Checking memchr v1.0.1
[INFO] [stderr]     Checking unreachable v1.0.0
[INFO] [stderr]     Checking thread_local v0.3.4
[INFO] [stderr]     Checking aho-corasick v0.6.3
[INFO] [stderr]     Checking regex v0.2.2
[INFO] [stderr]     Checking rock_paper_scissors v0.1.0 (/opt/rustwide/workdir)
[INFO] [stdout] error[E0308]: mismatched types
[INFO] [stdout]    --> src/main.rs:178:34
[INFO] [stdout]     |
[INFO] [stdout] 178 |         assert_eq!(Choice::parse(String::from("rock")).unwrap(), Choice::Rock);
[INFO] [stdout]     |                                  ^^^^^^^^^^^^^^^^^^^^
[INFO] [stdout]     |                                  |
[INFO] [stdout]     |                                  expected `&str`, found struct `String`
[INFO] [stdout]     |                                  help: consider borrowing here: `&String::from("rock")`
[INFO] [stdout] 
[INFO] [stdout] 
[INFO] [stdout] error[E0308]: mismatched types
[INFO] [stdout]    --> src/main.rs:179:34
[INFO] [stdout]     |
[INFO] [stdout] 179 |         assert_eq!(Choice::parse(String::from("paper")).unwrap(), Choice::Paper);
[INFO] [stdout]     |                                  ^^^^^^^^^^^^^^^^^^^^^
[INFO] [stdout]     |                                  |
[INFO] [stdout]     |                                  expected `&str`, found struct `String`
[INFO] [stdout]     |                                  help: consider borrowing here: `&String::from("paper")`
[INFO] [stdout] 
[INFO] [stdout] 
[INFO] [stdout] error[E0308]: mismatched types
[INFO] [stdout]    --> src/main.rs:180:34
[INFO] [stdout]     |
[INFO] [stdout] 180 |         assert_eq!(Choice::parse(String::from("scissors")).unwrap(),
[INFO] [stdout]     |                                  ^^^^^^^^^^^^^^^^^^^^^^^^
[INFO] [stdout]     |                                  |
[INFO] [stdout]     |                                  expected `&str`, found struct `String`
[INFO] [stdout]     |                                  help: consider borrowing here: `&String::from("scissors")`
[INFO] [stdout] 
[INFO] [stdout] 
[INFO] [stdout] error[E0308]: mismatched types
[INFO] [stdout]    --> src/main.rs:184:34
[INFO] [stdout]     |
[INFO] [stdout] 184 |         assert_eq!(Choice::parse(String::from("RockKK")).unwrap(), Choice::Rock);
[INFO] [stdout]     |                                  ^^^^^^^^^^^^^^^^^^^^^^
[INFO] [stdout]     |                                  |
[INFO] [stdout]     |                                  expected `&str`, found struct `String`
[INFO] [stdout]     |                                  help: consider borrowing here: `&String::from("RockKK")`
[INFO] [stdout] 
[INFO] [stdout] 
[INFO] [stdout] error[E0308]: mismatched types
[INFO] [stdout]    --> src/main.rs:185:34
[INFO] [stdout]     |
[INFO] [stdout] 185 |         assert_eq!(Choice::parse(String::from("paperzzzz")).unwrap(),
[INFO] [stdout]     |                                  ^^^^^^^^^^^^^^^^^^^^^^^^^
[INFO] [stdout]     |                                  |
[INFO] [stdout]     |                                  expected `&str`, found struct `String`
[INFO] [stdout]     |                                  help: consider borrowing here: `&String::from("paperzzzz")`
[INFO] [stdout] 
[INFO] [stdout] 
[INFO] [stdout] error[E0308]: mismatched types
[INFO] [stdout]    --> src/main.rs:187:34
[INFO] [stdout]     |
[INFO] [stdout] 187 |         assert_eq!(Choice::parse(String::from("12341234scissorsacdkakd")).unwrap(),
[INFO] [stdout]     |                                  ^^^^^^^^^^^^^^^^^^^^^^^^^^^^^^^^^^^^^^^
[INFO] [stdout]     |                                  |
[INFO] [stdout]     |                                  expected `&str`, found struct `String`
[INFO] [stdout]     |                                  help: consider borrowing here: `&String::from("12341234scissorsacdkakd")`
[INFO] [stdout] 
[INFO] [stdout] 
[INFO] [stdout] error[E0308]: mismatched types
[INFO] [stdout]    --> src/main.rs:191:34
[INFO] [stdout]     |
[INFO] [stdout] 191 |         assert_eq!(Choice::parse(String::from("RockPaperScissors")).unwrap(),
[INFO] [stdout]     |                                  ^^^^^^^^^^^^^^^^^^^^^^^^^^^^^^^^^
[INFO] [stdout]     |                                  |
[INFO] [stdout]     |                                  expected `&str`, found struct `String`
[INFO] [stdout]     |                                  help: consider borrowing here: `&String::from("RockPaperScissors")`
[INFO] [stdout] 
[INFO] [stdout] 
[INFO] [stdout] error: aborting due to 7 previous errors
[INFO] [stdout] 
[INFO] [stdout] 
[INFO] [stdout] For more information about this error, try `rustc --explain E0308`.
[INFO] [stdout] 
[INFO] [stderr] error: could not compile `rock_paper_scissors`.
[INFO] [stderr] 
[INFO] [stderr] To learn more, run the command again with --verbose.
[INFO] running `Command { std: "docker" "inspect" "3ca1b0728ca04285ec2d4e3968fa0944893e54d48162f094f035f4dff07d82dd", kill_on_drop: false }`
[INFO] running `Command { std: "docker" "rm" "-f" "3ca1b0728ca04285ec2d4e3968fa0944893e54d48162f094f035f4dff07d82dd", kill_on_drop: false }`
[INFO] [stdout] 3ca1b0728ca04285ec2d4e3968fa0944893e54d48162f094f035f4dff07d82dd
